{"id":4801,"date":"2026-01-21T21:53:48","date_gmt":"2026-01-21T20:53:48","guid":{"rendered":"http:\/\/petitssuissesnormands.ovh\/?page_id=4801"},"modified":"2026-04-12T22:48:06","modified_gmt":"2026-04-12T20:48:06","slug":"raid-psn-2026","status":"publish","type":"page","link":"http:\/\/petitssuissesnormands.ovh\/index.php\/raid-psn-2026\/","title":{"rendered":"RAID DES PETITS SUISSES NORMANDS 2026"},"content":{"rendered":"<p style=\"text-align: center;\"><span style=\"text-decoration: underline;\">CONTACT<\/span> : <strong><span style=\"color: #1167b5;\">petitssuissesnormands@gmail.com<\/span><\/strong><\/p>\n<p><span style=\"font-family: Alegreya;\"><em><span style=\"font-size: 18pt;\"><strong>ACTUALIT\u00c9S<\/strong><\/span><\/em><\/span><\/p>\n<ul>\n<li><span style=\"font-family: Alegreya;\"><b>26 janvier 2026 &nbsp;: <\/b>Ouverture des inscriptions&nbsp;<\/span><\/li>\n<li><span style=\"font-family: Alegreya;\"><strong>15 f\u00e9vrier 2026 :<\/strong> Mise en ligne des synoptiques<\/span><\/li>\n<li><span style=\"font-family: Alegreya;\"><strong>1er avril 2026 :<\/strong> Infos concurrents<br \/>\n<\/span>&nbsp; &nbsp; &nbsp;<span style=\"color: #ff0000;\">Feuilles de route :<\/span> <a href=\"http:\/\/petitssuissesnormands.ovh\/wp-content\/uploads\/2026\/04\/Feuille_Route_Aventure.pdf\" target=\"_blank\" rel=\"noopener\">AVENTURE<\/a> \/ <a href=\"http:\/\/petitssuissesnormands.ovh\/wp-content\/uploads\/2026\/04\/Feuille_Route_Sportif.pdf\" target=\"_blank\" rel=\"noopener\">SPORTIF<\/a> \/ <a href=\"http:\/\/petitssuissesnormands.ovh\/wp-content\/uploads\/2026\/04\/Feuille_Route_Decouverte.pdf\" target=\"_blank\" rel=\"noopener\">D\u00c9COUVERTE<\/a><br \/>\n&nbsp; &nbsp; &nbsp;<span style=\"color: #ff0000;\">Liste des inscrits :<\/span> <a href=\"http:\/\/petitssuissesnormands.ovh\/wp-content\/uploads\/2026\/04\/Inscrits_Aventure_V2.pdf\" target=\"_blank\" rel=\"noopener\">AVENTURE<\/a> \/ <a href=\"http:\/\/petitssuissesnormands.ovh\/wp-content\/uploads\/2026\/04\/Inscrits_Sportif_V2.pdf\" target=\"_blank\" rel=\"noopener\">SPORTIF<\/a> \/ <a href=\"http:\/\/petitssuissesnormands.ovh\/wp-content\/uploads\/2026\/04\/Inscrits_Decouverte_V2.pdf\" target=\"_blank\" rel=\"noopener\">D\u00c9COUVERTE<\/a><br \/>\n&nbsp; &nbsp; &nbsp;<span style=\"color: #ff0000;\">D\u00e9pose des VTT avant l&rsquo;accueil<\/span> (uniquement RAID SPORTIF) : <a href=\"http:\/\/petitssuissesnormands.ovh\/wp-content\/uploads\/2026\/04\/Depose_VTT_Sportif.pdf\" target=\"_blank\" rel=\"noopener\">PLAN + POINT GPS<\/a><br \/>\n&nbsp; &nbsp; &nbsp;Explications techniques :<br \/>\n&nbsp; &nbsp; &nbsp; &nbsp; &nbsp; &nbsp;<a href=\"http:\/\/petitssuissesnormands.ovh\/wp-content\/uploads\/2026\/04\/1_Fleche_Allemand.png\" target=\"_blank\" rel=\"noopener\">FL\u00c9CH\u00c9 ALLEMAND<\/a> (AVENTURE \/ SPORTIF)<br \/>\n&nbsp; &nbsp; &nbsp; &nbsp; &nbsp; &nbsp;<a href=\"http:\/\/petitssuissesnormands.ovh\/wp-content\/uploads\/2026\/04\/2_Road_Book.png\" target=\"_blank\" rel=\"noopener\">ROAD-BOOK<\/a>&nbsp;(AVENTURE \/ SPORTIF)<br \/>\n&nbsp; &nbsp; &nbsp; &nbsp; &nbsp; &nbsp;<a href=\"http:\/\/petitssuissesnormands.ovh\/wp-content\/uploads\/2026\/04\/3_Balises_Jumelees.png\" target=\"_blank\" rel=\"noopener\">BALISES JUMEL\u00c9ES<\/a> (AVENTURE \/ SPORTIF \/ D\u00c9COUVERTE)<\/li>\n<li><span style=\"font-family: Alegreya;\"><strong>5 avril 2026 :<\/strong> Les <span style=\"color: #ff0000;\">r\u00e9sultats<\/span> de nos trois \u00e9preuves<br \/>\n<\/span>&nbsp; &nbsp; &nbsp;<a href=\"http:\/\/petitssuissesnormands.ovh\/wp-content\/uploads\/2026\/04\/Resultats_Aventure_2026.pdf\" target=\"_blank\" rel=\"noopener\">Scratch Aventure<\/a> \/ <a href=\"http:\/\/petitssuissesnormands.ovh\/wp-content\/uploads\/2026\/04\/Resultats_Sportif_2026_v2.pdf\" target=\"_blank\" rel=\"noopener\">Scratch Sportif<\/a> \/ <a href=\"http:\/\/petitssuissesnormands.ovh\/wp-content\/uploads\/2026\/04\/Resultats_Decouverte_2026.pdf\" target=\"_blank\" rel=\"noopener\">Points D\u00e9couverte<\/a><br \/>\n&nbsp; &nbsp; &nbsp;<a href=\"http:\/\/petitssuissesnormands.ovh\/wp-content\/uploads\/2026\/04\/Resultats_Aventure_Sections_2026.pdf\" target=\"_blank\" rel=\"noopener\">D\u00e9tails Aventure<\/a> \/ <a href=\"http:\/\/petitssuissesnormands.ovh\/wp-content\/uploads\/2026\/04\/Resultats_Sportif_Sections_2026.pdf\" target=\"_blank\" rel=\"noopener\">D\u00e9tails Sportif<\/a> \/ <a href=\"http:\/\/petitssuissesnormands.ovh\/wp-content\/uploads\/2026\/04\/Resultats_Decouverte_Sections_2026.pdf\" target=\"_blank\" rel=\"noopener\">D\u00e9tails D\u00e9couverte<\/a><br \/>\n&nbsp; &nbsp; &nbsp;<a href=\"http:\/\/petitssuissesnormands.ovh\/wp-content\/uploads\/2026\/04\/corrige_Prologue.jpeg\" target=\"_blank\" rel=\"noopener\">Corrig\u00e9 du prologue<\/a> (vous aviez tous le m\u00eame trac\u00e9, mais avec des num\u00e9ros diff\u00e9rents : A &#8211; 32 \/ B &#8211; 43 \/ C &#8211; 41)<\/li>\n<li><span style=\"font-family: Alegreya;\"><strong>12 avril 2026 :<\/strong> <a href=\"https:\/\/drive.google.com\/drive\/folders\/1__FecgTy7yzqoXaRk4g2uvRA0xv2IsOi?usp=drive_link\" target=\"_blank\" rel=\"noopener\">Photos du samedi<\/a> \/ <a href=\"https:\/\/drive.google.com\/drive\/folders\/1ZN8CsjSf2aDT29g_V0k8I7qMXkDXZNgu?usp=drive_link\" target=\"_blank\" rel=\"noopener\">Photos du dimanche<\/a><\/span><\/li>\n<\/ul>\n<p style=\"text-align: center;\">&nbsp;<a href=\"http:\/\/petitssuissesnormands.ovh\/index.php\/raid-psn-2026-reglement\/\"><img loading=\"lazy\" decoding=\"async\" class=\"alignnone\" src=\"http:\/\/petitssuissesnormands.ovh\/wp-content\/uploads\/2024\/02\/Logo_Reglement.jpg\" alt=\"\" width=\"152\" height=\"76\"><\/a>&nbsp; &nbsp;&nbsp;<a href=\"http:\/\/petitssuissesnormands.ovh\/index.php\/raid-des-psn-2026-inscriptions\/\"><img loading=\"lazy\" decoding=\"async\" class=\"alignnone\" src=\"http:\/\/petitssuissesnormands.ovh\/wp-content\/uploads\/2024\/02\/Logo_Inscriptions.jpg\" alt=\"\" width=\"152\" height=\"76\"><\/a><\/p>\n<p style=\"text-align: center;\"><a href=\"http:\/\/petitssuissesnormands.ovh\/index.php\/raid-psn-2026-synoptiques-samedi\/\"><img loading=\"lazy\" decoding=\"async\" class=\"alignnone\" src=\"http:\/\/petitssuissesnormands.ovh\/wp-content\/uploads\/2025\/03\/synopt_sam.png\" alt=\"\" width=\"152\" height=\"76\"><\/a>&nbsp; &nbsp; <a href=\"http:\/\/petitssuissesnormands.ovh\/?page_id=4872&amp;preview=true\"><img loading=\"lazy\" decoding=\"async\" class=\"alignnone\" src=\"http:\/\/petitssuissesnormands.ovh\/wp-content\/uploads\/2025\/03\/synopt_dim.png\" alt=\"\" width=\"152\" height=\"76\"><\/a><\/p>\n<p style=\"text-align: center;\"><a href=\"http:\/\/petitssuissesnormands.ovh\/index.php\/raid-psn-2026-matos-samedi\/\"><img loading=\"lazy\" decoding=\"async\" src=\"http:\/\/petitssuissesnormands.ovh\/wp-content\/uploads\/2025\/02\/icone_matos_sam.png\" alt=\"\" width=\"152\" height=\"76\"><\/a>&nbsp; &nbsp; <a href=\"http:\/\/petitssuissesnormands.ovh\/index.php\/raid-psn-2026-materiel-dimanche\/\"><img loading=\"lazy\" decoding=\"async\" class=\"alignnone\" src=\"http:\/\/petitssuissesnormands.ovh\/wp-content\/uploads\/2025\/02\/icone_matos_dim.png\" alt=\"\" width=\"150\" height=\"75\"><\/a><\/p>\n<p style=\"text-align: center;\"><a href=\"http:\/\/petitssuissesnormands.ovh\/index.php\/raid-psn-2026-programme-samedi\/\"><img loading=\"lazy\" decoding=\"async\" class=\"alignnone\" src=\"http:\/\/petitssuissesnormands.ovh\/wp-content\/uploads\/2025\/02\/icone_prog_sam.png\" alt=\"\" width=\"152\" height=\"76\"><\/a>&nbsp; &nbsp;&nbsp;<a href=\"http:\/\/petitssuissesnormands.ovh\/index.php\/raid-psn-2026-programme-dimanche\/\"><img loading=\"lazy\" decoding=\"async\" class=\"alignnone\" src=\"http:\/\/petitssuissesnormands.ovh\/wp-content\/uploads\/2025\/02\/icone_prog_dim.png\" alt=\"\" width=\"152\" height=\"76\"><\/a><\/p>\n","protected":false},"excerpt":{"rendered":"<p>CONTACT : petitssuissesnormands@gmail.com ACTUALIT\u00c9S 26 janvier 2026 &nbsp;: Ouverture des inscriptions&nbsp; 15 f\u00e9vrier 2026 : Mise en ligne des synoptiques 1er avril 2026 : Infos concurrents &nbsp; &nbsp; &nbsp;Feuilles de<\/p>\n","protected":false},"author":1,"featured_media":0,"parent":0,"menu_order":0,"comment_status":"closed","ping_status":"closed","template":"","meta":{"ngg_post_thumbnail":0,"footnotes":""},"class_list":["post-4801","page","type-page","status-publish","hentry","comments-off"],"_links":{"self":[{"href":"http:\/\/petitssuissesnormands.ovh\/index.php\/wp-json\/wp\/v2\/pages\/4801","targetHints":{"allow":["GET"]}}],"collection":[{"href":"http:\/\/petitssuissesnormands.ovh\/index.php\/wp-json\/wp\/v2\/pages"}],"about":[{"href":"http:\/\/petitssuissesnormands.ovh\/index.php\/wp-json\/wp\/v2\/types\/page"}],"author":[{"embeddable":true,"href":"http:\/\/petitssuissesnormands.ovh\/index.php\/wp-json\/wp\/v2\/users\/1"}],"replies":[{"embeddable":true,"href":"http:\/\/petitssuissesnormands.ovh\/index.php\/wp-json\/wp\/v2\/comments?post=4801"}],"version-history":[{"count":48,"href":"http:\/\/petitssuissesnormands.ovh\/index.php\/wp-json\/wp\/v2\/pages\/4801\/revisions"}],"predecessor-version":[{"id":4950,"href":"http:\/\/petitssuissesnormands.ovh\/index.php\/wp-json\/wp\/v2\/pages\/4801\/revisions\/4950"}],"wp:attachment":[{"href":"http:\/\/petitssuissesnormands.ovh\/index.php\/wp-json\/wp\/v2\/media?parent=4801"}],"curies":[{"name":"wp","href":"https:\/\/api.w.org\/{rel}","templated":true}]}}