{"id":341,"date":"2019-10-22T13:26:59","date_gmt":"2019-10-22T11:26:59","guid":{"rendered":"http:\/\/pdwpwzx.cluster028.hosting.ovh.net\/?page_id=341"},"modified":"2019-10-27T20:28:13","modified_gmt":"2019-10-27T19:28:13","slug":"russie-2017","status":"publish","type":"page","link":"http:\/\/petitssuissesnormands.ovh\/index.php\/russie-2017\/","title":{"rendered":"\u2192 Russie 2017 (A.R.E.C)"},"content":{"rendered":"<p style=\"padding: 10px; text-align: justify; background-color: #30a60a; color: white;\"><span style=\"font-family: Alegreya;\">Trois Petits Suisses Normands ont particip\u00e9 au <strong>RedFox Adventure Race<\/strong>, support du<strong><span style=\"color: #000000;\"> Championnat d&rsquo;Europe 2017<\/span><\/strong><span style=\"color: #000000;\"><span style=\"color: #ffffff;\"> de Raid Aventure<\/span><\/span><strong>,<\/strong> disput\u00e9 au Nord de l&rsquo;immense Lac Ladoga (Russie) du 9 au 12 juin 2017. <span style=\"color: #000000;\"><strong>Sophie <\/strong><span style=\"color: #ffffff;\">Boutbal<\/span><\/span>, <span style=\"color: #000000;\"><strong>Julien <\/strong><span style=\"color: #ffffff;\">Le Borgne<\/span><\/span> et <span style=\"color: #000000;\"><strong>Thibaut <\/strong><span style=\"color: #ffffff;\">Ruamps<\/span><\/span> faisaient \u00e9quipe avec Vadim Hatton (Sud Loire Raid Aventure) pour ce raid de 400 km et 72 heures non-stop. Une aventure exceptionnelle et v\u00e9ritablement d\u00e9paysante !<\/span><\/p>\n<div class=\"wp-block-image\" style=\"text-align: center;\">\n<figure class=\"aligncenter size-large\"><img decoding=\"async\" class=\"wp-image-167\" src=\"https:\/\/petitssuissesnormands.files.wordpress.com\/2019\/10\/russie_team.png?w=1024\" alt=\"\"><figcaption><span style=\"font-family: Alegreya; font-size: 14pt;\"><em>Sophie, Vadim, Julien, Kristina et Thibaut<\/em><\/span><\/figcaption><\/figure>\n<\/div>\n<p style=\"padding: 10px; text-align: justify; background-color: #30a60a; color: white;\"><span style=\"font-family: Alegreya;\">L&rsquo;\u00e9quipe prend une belle<span style=\"color: #000000;\"><strong> 14\u00e8me <\/strong><span style=\"color: #ffffff;\">place<\/span><\/span> (sur 26 \u00e9quipes), apr\u00e8s une course tr\u00e8s \u00ab\u00a0sauvage\u00a0\u00bb : un seul village crois\u00e9 (et 3 p\u00eacheurs !), quelques tr\u00e8s rares b\u00e9n\u00e9voles (transition \u2192 1 b\u00e9n\u00e9vole + 1 feu + 1 ou 2 gamelle(s) + du th\u00e9 + l&rsquo;eau du lac) et tr\u00e8s peu d&rsquo;\u00e9quipes crois\u00e9es pass\u00e9es les 3 premi\u00e8res heures de course. Une superbe aventure avec une <strong>excellente ambiance<\/strong> dans l&rsquo;\u00e9quipe (visible dans la petite vid\u00e9o ci-dessous) et la rencontre de <span style=\"color: #000000;\"><strong>Kristina<\/strong><\/span>, pr\u00e9sente comme interpr\u00e8te (pour l&rsquo;avant et l&rsquo;apr\u00e8s course), qui a permis d&rsquo;aborder la course de mani\u00e8re tr\u00e8s sereine. Une tr\u00e8s belle rencontre !<\/span><\/p>\n<p style=\"text-align: center;\"><iframe loading=\"lazy\" src=\"https:\/\/www.dailymotion.com\/embed\/video\/x5s3oqt\" width=\"640\" height=\"360\" frameborder=\"0\" allowfullscreen=\"allowfullscreen\"><span data-mce-type=\"bookmark\" style=\"display: inline-block; width: 0px; overflow: hidden; line-height: 0;\" class=\"mce_SELRES_start\">\ufeff<\/span><span data-mce-type=\"bookmark\" style=\"display: inline-block; width: 0px; overflow: hidden; line-height: 0;\" class=\"mce_SELRES_start\">\ufeff<\/span><\/iframe><\/p>\n<p style=\"padding: 10px; text-align: center;\"><span style=\"font-family: Alegreya;\">Vous pourrez retrouver un compte-rendu de Thibaut et quelques belles photos sur&nbsp;<a href=\"http:\/\/www.endorphinmag.fr\/download\/juilletaout2017.pdf\" target=\"_blank\" rel=\"noreferrer noopener\"><strong>EndorphinMag n\u00b0 40<\/strong><\/a><\/span>&nbsp;(pages 52 \u00e0 57)<\/p>\n","protected":false},"excerpt":{"rendered":"<p>Trois Petits Suisses Normands ont particip\u00e9 au RedFox Adventure Race, support du Championnat d&rsquo;Europe 2017 de Raid Aventure, disput\u00e9 au Nord de l&rsquo;immense Lac Ladoga (Russie) du 9 au 12<\/p>\n","protected":false},"author":1,"featured_media":0,"parent":0,"menu_order":0,"comment_status":"closed","ping_status":"closed","template":"","meta":{"ngg_post_thumbnail":0,"footnotes":""},"class_list":["post-341","page","type-page","status-publish","hentry","comments-off"],"_links":{"self":[{"href":"http:\/\/petitssuissesnormands.ovh\/index.php\/wp-json\/wp\/v2\/pages\/341","targetHints":{"allow":["GET"]}}],"collection":[{"href":"http:\/\/petitssuissesnormands.ovh\/index.php\/wp-json\/wp\/v2\/pages"}],"about":[{"href":"http:\/\/petitssuissesnormands.ovh\/index.php\/wp-json\/wp\/v2\/types\/page"}],"author":[{"embeddable":true,"href":"http:\/\/petitssuissesnormands.ovh\/index.php\/wp-json\/wp\/v2\/users\/1"}],"replies":[{"embeddable":true,"href":"http:\/\/petitssuissesnormands.ovh\/index.php\/wp-json\/wp\/v2\/comments?post=341"}],"version-history":[{"count":11,"href":"http:\/\/petitssuissesnormands.ovh\/index.php\/wp-json\/wp\/v2\/pages\/341\/revisions"}],"predecessor-version":[{"id":707,"href":"http:\/\/petitssuissesnormands.ovh\/index.php\/wp-json\/wp\/v2\/pages\/341\/revisions\/707"}],"wp:attachment":[{"href":"http:\/\/petitssuissesnormands.ovh\/index.php\/wp-json\/wp\/v2\/media?parent=341"}],"curies":[{"name":"wp","href":"https:\/\/api.w.org\/{rel}","templated":true}]}}