{"id":338,"date":"2019-10-22T13:26:59","date_gmt":"2019-10-22T11:26:59","guid":{"rendered":"http:\/\/pdwpwzx.cluster028.hosting.ovh.net\/?page_id=338"},"modified":"2019-11-19T22:44:13","modified_gmt":"2019-11-19T21:44:13","slug":"patagonie-2020","status":"publish","type":"page","link":"http:\/\/petitssuissesnormands.ovh\/index.php\/patagonie-2020\/","title":{"rendered":"\u2192 Patagonie 2020 (A.R.W.S)"},"content":{"rendered":"<p style=\"text-align: center;\"><span style=\"font-size: 36pt; color: #30a60a;\"><em><span style=\"font-family: Alegreya;\">C&rsquo;est le gros objectif de l&rsquo;ann\u00e9e 2020 !<\/span><\/em><\/span><\/p>\n<p style=\"text-align: justify;\"><span style=\"font-family: Alegreya; font-size: 14pt;\">L&rsquo;\u00e9quipe sera compos\u00e9e de <strong><span style=\"color: #1167b5;\">Sophie B<\/span><\/strong>, <span style=\"color: #1167b5;\"><strong>Ghislain G<\/strong><\/span> et <span style=\"color: #1167b5;\"><strong>Thibaut R<\/strong><\/span> (Petits Suisses Normands), accompagn\u00e9s par <strong>Ga\u00ebl T<\/strong> (LT Loire Nature). Un m\u00e9lange d&rsquo;exp\u00e9rience des raids longs avec Sophie et Thibaut, et d&rsquo;un fort potentiel (physique et en orientation) de Ga\u00ebl et Ghislain, qui poss\u00e8dent malgr\u00e9 tout une bonne exp\u00e9rience des raids un peu plus courts et des ultra-trails.<\/span><\/p>\n<p style=\"text-align: justify;\"><span style=\"font-family: Alegreya; font-size: 14pt;\">Encore assez peu d&rsquo;informations (techniques) sur la course. Elle se d\u00e9roulera dans la r\u00e9gion de <strong>San Martin de los Andes<\/strong> (Patagonie \/ Argentine) sur une distance d&rsquo;environ <strong>450 km<\/strong> \u00e0 r\u00e9aliser (en orientation) en <strong>100 heures maximum<\/strong>. Au programme, <strong>VTT<\/strong>, <strong>Trek<\/strong>, <strong>Kayak<\/strong>, <strong>Raft<\/strong> et \u00e9preuves de <strong>cordes<\/strong>.&nbsp;<\/span><\/p>\n<p style=\"text-align: justify;\"><span style=\"font-family: Alegreya; font-size: 14pt;\">Le site de la course : <a href=\"https:\/\/www.patagoniaadventurerace.com\" target=\"_blank\" rel=\"noopener noreferrer\">https:\/\/www.patagoniaadventurerace.com<\/a><\/span><br \/>\n<span style=\"font-family: Alegreya; font-size: 14pt;\">La page Facebook de la course : <a href=\"https:\/\/www.facebook.com\/raidelviento\" target=\"_blank\" rel=\"noopener noreferrer\">https:\/\/www.facebook.com\/raidelviento<\/a><\/span><\/p>\n<p style=\"text-align: justify;\"><span style=\"font-family: Alegreya; font-size: 14pt;\">Nous sommes \u00e0 la <strong>recherche de partenaires<\/strong> pour nous soutenir dans cette aventure. Si vous \u00eates int\u00e9ress\u00e9(e) ou que vous connaissez quelqu&rsquo;un qui peut l&rsquo;\u00eatre, vous pourrez trouver en t\u00e9l\u00e9chargement notre <\/span><span style=\"font-family: Alegreya; font-size: 14pt;\"><strong><span style=\"color: #30a60a;\"><a style=\"color: #30a60a;\" href=\"http:\/\/petitssuissesnormands.ovh\/wp-content\/uploads\/2019\/11\/Dossier_Partenariat_Patagonie_2020.pdf\" target=\"_blank\" rel=\"noopener noreferrer\">DOSSIER DE PARTENARIAT<\/a><\/span><\/strong><\/span><span style=\"font-family: Alegreya; font-size: 14pt;\">&nbsp;.<\/span><\/p>\n<p><img loading=\"lazy\" decoding=\"async\" class=\"aligncenter wp-image-951 size-full\" src=\"http:\/\/petitssuissesnormands.ovh\/wp-content\/uploads\/2019\/11\/patagonia_raid.png\" alt=\"\" width=\"800\" height=\"450\" srcset=\"http:\/\/petitssuissesnormands.ovh\/wp-content\/uploads\/2019\/11\/patagonia_raid.png 800w, http:\/\/petitssuissesnormands.ovh\/wp-content\/uploads\/2019\/11\/patagonia_raid-300x169.png 300w, http:\/\/petitssuissesnormands.ovh\/wp-content\/uploads\/2019\/11\/patagonia_raid-768x432.png 768w\" sizes=\"auto, (max-width: 800px) 100vw, 800px\" \/><\/p>\n","protected":false},"excerpt":{"rendered":"<p>C&rsquo;est le gros objectif de l&rsquo;ann\u00e9e 2020 ! L&rsquo;\u00e9quipe sera compos\u00e9e de Sophie B, Ghislain G et Thibaut R (Petits Suisses Normands), accompagn\u00e9s par Ga\u00ebl T (LT Loire Nature). Un<\/p>\n","protected":false},"author":1,"featured_media":0,"parent":0,"menu_order":0,"comment_status":"closed","ping_status":"closed","template":"","meta":{"ngg_post_thumbnail":0,"footnotes":""},"class_list":["post-338","page","type-page","status-publish","hentry","comments-off"],"_links":{"self":[{"href":"http:\/\/petitssuissesnormands.ovh\/index.php\/wp-json\/wp\/v2\/pages\/338","targetHints":{"allow":["GET"]}}],"collection":[{"href":"http:\/\/petitssuissesnormands.ovh\/index.php\/wp-json\/wp\/v2\/pages"}],"about":[{"href":"http:\/\/petitssuissesnormands.ovh\/index.php\/wp-json\/wp\/v2\/types\/page"}],"author":[{"embeddable":true,"href":"http:\/\/petitssuissesnormands.ovh\/index.php\/wp-json\/wp\/v2\/users\/1"}],"replies":[{"embeddable":true,"href":"http:\/\/petitssuissesnormands.ovh\/index.php\/wp-json\/wp\/v2\/comments?post=338"}],"version-history":[{"count":4,"href":"http:\/\/petitssuissesnormands.ovh\/index.php\/wp-json\/wp\/v2\/pages\/338\/revisions"}],"predecessor-version":[{"id":953,"href":"http:\/\/petitssuissesnormands.ovh\/index.php\/wp-json\/wp\/v2\/pages\/338\/revisions\/953"}],"wp:attachment":[{"href":"http:\/\/petitssuissesnormands.ovh\/index.php\/wp-json\/wp\/v2\/media?parent=338"}],"curies":[{"name":"wp","href":"https:\/\/api.w.org\/{rel}","templated":true}]}}