{"id":326,"date":"2019-10-22T13:26:58","date_gmt":"2019-10-22T11:26:58","guid":{"rendered":"http:\/\/pdwpwzx.cluster028.hosting.ovh.net\/?page_id=326"},"modified":"2023-06-21T22:20:30","modified_gmt":"2023-06-21T20:20:30","slug":"ecole-de-raid","status":"publish","type":"page","link":"http:\/\/petitssuissesnormands.ovh\/index.php\/ecole-de-raid\/","title":{"rendered":"\u2192 \u00c9cole de raid"},"content":{"rendered":"<p align=\"justify\">Depuis septembre 2017, des entra\u00eenements VTT sont propos\u00e9s \u00e0 <strong><span style=\"color: #1167b5;\">Pont d&rsquo;Ouilly<\/span><\/strong> pour les jeunes licenci\u00e9s le samedi matin. La premi\u00e8re ann\u00e9e, l&rsquo;encadrement \u00e9tait assur\u00e9 uniquement par des b\u00e9n\u00e9voles de l&rsquo;association. Depuis septembre 2018, <strong>Emmanuel Boutrois<\/strong> (salari\u00e9 de Pont d&rsquo;Ouilly Loisirs) est responsable de ces entra\u00eenements, mais est toujours accompagn\u00e9 par un ou plusieurs b\u00e9n\u00e9voles licenci\u00e9s aux Petits Suisses Normands.<\/p>\n<p><img loading=\"lazy\" decoding=\"async\" class=\"size-full wp-image-2901 alignright\" style=\"text-align: justify;\" src=\"http:\/\/petitssuissesnormands.ovh\/wp-content\/uploads\/2023\/06\/Ecole-raid-2.jpg\" alt=\"\" width=\"394\" height=\"394\" srcset=\"http:\/\/petitssuissesnormands.ovh\/wp-content\/uploads\/2023\/06\/Ecole-raid-2.jpg 394w, http:\/\/petitssuissesnormands.ovh\/wp-content\/uploads\/2023\/06\/Ecole-raid-2-300x300.jpg 300w, http:\/\/petitssuissesnormands.ovh\/wp-content\/uploads\/2023\/06\/Ecole-raid-2-150x150.jpg 150w\" sizes=\"auto, (max-width: 394px) 100vw, 394px\" \/><\/p>\n<p align=\"justify\">\u00c0 la rentr\u00e9e de septembre 2019, l&rsquo;\u00e9cole de VTT s&rsquo;est transform\u00e9e en <strong><span style=\"color: #1167b5;\">\u00c9COLE DE RAID<\/span><\/strong>, avec toujours des entra\u00eenements <strong>VTT<\/strong>, mais aussi des s\u00e9ances de <strong>trail<\/strong>, <strong>course d&rsquo;orientation<\/strong>, <strong>run &amp; bike, kayak, tir laser<\/strong>&nbsp;ou <strong>tir \u00e0 l&rsquo;arc<\/strong>. Elle est ouverte aux jeunes <strong><span style=\"color: #1167b5;\">\u00e0 partir de 9 ans<\/span><\/strong>, mais aussi aux adultes qui le souhaitent.<\/p>\n<p align=\"justify\">Les s\u00e9ances se d\u00e9roulent <strong><span style=\"color: #1167b5;\">le samedi entre 10h et 12h30<\/span><\/strong> (RDV \u00e0 9h45), au d\u00e9part de <strong>Pont d&rsquo;Ouill<\/strong><strong>y ou aux alentours<\/strong>, selon le programme pr\u00e9vu. Entre 30 et 40 jeunes sont actuellement inscrits, ce qui permet de faire 3 ou 4 groupes selon l&rsquo;\u00e2ge et le niveau.<\/p>\n<p align=\"justify\">En 2023, l&rsquo;\u00e9cole de raid des Petits Suisses Normands est la <span style=\"color: #1167b5;\"><strong>seule \u00e9cole de raid<\/strong><\/span> en France \u00e0 \u00eatre <span style=\"color: #1167b5;\"><strong>labellis\u00e9e 2 \u00e9toiles<\/strong> <\/span>(le plus haut niveau) par la <strong><span style=\"color: #1167b5;\">FFTRI<\/span><\/strong>. C&rsquo;est naturellement une grande fiert\u00e9 et une belle r\u00e9compense de l&rsquo;investissement de tous pour le d\u00e9veloppement du raid chez les jeunes.<\/p>\n<p align=\"justify\"><strong>Contact : <\/strong><span style=\"color: #1167b5;\"><strong>Emmanuel BOUTROIS<\/strong><\/span><br \/>\n&nbsp; &nbsp; &nbsp; \u2192 manu.boutrois@pontdouilly-loisirs.com<br \/>\n&nbsp; &nbsp; &nbsp; \u2192 02.31.69.86.02<\/p>\n<p align=\"justify\">&nbsp;<\/p>\n","protected":false},"excerpt":{"rendered":"<p>Depuis septembre 2017, des entra\u00eenements VTT sont propos\u00e9s \u00e0 Pont d&rsquo;Ouilly pour les jeunes licenci\u00e9s le samedi matin. La premi\u00e8re ann\u00e9e, l&rsquo;encadrement \u00e9tait assur\u00e9 uniquement par des b\u00e9n\u00e9voles de l&rsquo;association.<\/p>\n","protected":false},"author":1,"featured_media":0,"parent":0,"menu_order":0,"comment_status":"closed","ping_status":"closed","template":"","meta":{"ngg_post_thumbnail":0,"footnotes":""},"class_list":["post-326","page","type-page","status-publish","hentry","comments-off"],"_links":{"self":[{"href":"http:\/\/petitssuissesnormands.ovh\/index.php\/wp-json\/wp\/v2\/pages\/326","targetHints":{"allow":["GET"]}}],"collection":[{"href":"http:\/\/petitssuissesnormands.ovh\/index.php\/wp-json\/wp\/v2\/pages"}],"about":[{"href":"http:\/\/petitssuissesnormands.ovh\/index.php\/wp-json\/wp\/v2\/types\/page"}],"author":[{"embeddable":true,"href":"http:\/\/petitssuissesnormands.ovh\/index.php\/wp-json\/wp\/v2\/users\/1"}],"replies":[{"embeddable":true,"href":"http:\/\/petitssuissesnormands.ovh\/index.php\/wp-json\/wp\/v2\/comments?post=326"}],"version-history":[{"count":5,"href":"http:\/\/petitssuissesnormands.ovh\/index.php\/wp-json\/wp\/v2\/pages\/326\/revisions"}],"predecessor-version":[{"id":2903,"href":"http:\/\/petitssuissesnormands.ovh\/index.php\/wp-json\/wp\/v2\/pages\/326\/revisions\/2903"}],"wp:attachment":[{"href":"http:\/\/petitssuissesnormands.ovh\/index.php\/wp-json\/wp\/v2\/media?parent=326"}],"curies":[{"name":"wp","href":"https:\/\/api.w.org\/{rel}","templated":true}]}}

→ École de raid

<p align="justify">Depuis septembre 2017, des entraînements VTT sont proposés à <strong><span style="color: #1167b5;">Pont d&rsquo;Ouilly</span></strong> pour les jeunes licenciés le samedi matin. La première année, l&rsquo;encadrement était assuré uniquement par des bénévoles de l&rsquo;association. Depuis septembre 2018, <strong>Emmanuel Boutrois</strong> (salarié de Pont d&rsquo;Ouilly Loisirs) est responsable de ces entraînements, mais est toujours accompagné par un ou plusieurs bénévoles licenciés aux Petits Suisses Normands.</p>
<p><img loading="lazy" decoding="async" class="size-full wp-image-2901 alignright" style="text-align: justify;" src="http://petitssuissesnormands.ovh/wp-content/uploads/2023/06/Ecole-raid-2.jpg" alt="" width="394" height="394" srcset="http://petitssuissesnormands.ovh/wp-content/uploads/2023/06/Ecole-raid-2.jpg 394w, http://petitssuissesnormands.ovh/wp-content/uploads/2023/06/Ecole-raid-2-300x300.jpg 300w, http://petitssuissesnormands.ovh/wp-content/uploads/2023/06/Ecole-raid-2-150x150.jpg 150w" sizes="auto, (max-width: 394px) 100vw, 394px" /></p>
<p align="justify">À la rentrée de septembre 2019, l&rsquo;école de VTT s&rsquo;est transformée en <strong><span style="color: #1167b5;">ÉCOLE DE RAID</span></strong>, avec toujours des entraînements <strong>VTT</strong>, mais aussi des séances de <strong>trail</strong>, <strong>course d&rsquo;orientation</strong>, <strong>run &amp; bike, kayak, tir laser</strong>&nbsp;ou <strong>tir à l&rsquo;arc</strong>. Elle est ouverte aux jeunes <strong><span style="color: #1167b5;">à partir de 9 ans</span></strong>, mais aussi aux adultes qui le souhaitent.</p>
<p align="justify">Les séances se déroulent <strong><span style="color: #1167b5;">le samedi entre 10h et 12h30</span></strong> (RDV à 9h45), au départ de <strong>Pont d&rsquo;Ouill</strong><strong>y ou aux alentours</strong>, selon le programme prévu. Entre 30 et 40 jeunes sont actuellement inscrits, ce qui permet de faire 3 ou 4 groupes selon l&rsquo;âge et le niveau.</p>
<p align="justify">En 2023, l&rsquo;école de raid des Petits Suisses Normands est la <span style="color: #1167b5;"><strong>seule école de raid</strong></span> en France à être <span style="color: #1167b5;"><strong>labellisée 2 étoiles</strong> </span>(le plus haut niveau) par la <strong><span style="color: #1167b5;">FFTRI</span></strong>. C&rsquo;est naturellement une grande fierté et une belle récompense de l&rsquo;investissement de tous pour le développement du raid chez les jeunes.</p>
<p align="justify"><strong>Contact : </strong><span style="color: #1167b5;"><strong>Emmanuel BOUTROIS</strong></span><br />
&nbsp; &nbsp; &nbsp; → manu.boutrois@pontdouilly-loisirs.com<br />
&nbsp; &nbsp; &nbsp; → 02.31.69.86.02</p>
<p align="justify">&nbsp;</p>

<p>Depuis septembre 2017, des entraînements VTT sont proposés à Pont d&rsquo;Ouilly pour les jeunes licenciés le samedi matin. La première année, l&rsquo;encadrement était assuré uniquement par des bénévoles de l&rsquo;association.</p>
