{"id":2097,"date":"2021-11-15T08:58:39","date_gmt":"2021-11-15T07:58:39","guid":{"rendered":"http:\/\/petitssuissesnormands.ovh\/?page_id=2097"},"modified":"2023-12-17T01:23:10","modified_gmt":"2023-12-17T00:23:10","slug":"enduro-trail-du-pere-noel","status":"publish","type":"page","link":"http:\/\/petitssuissesnormands.ovh\/index.php\/enduro-trail-du-pere-noel\/","title":{"rendered":"ENDURO-TRAIL DU P\u00c8RE NO\u00cbL &#8211; 16 d\u00e9cembre 2023"},"content":{"rendered":"<p style=\"text-align: justify;\">Merci \u00e0 tous les participants pour leur bonne humeur et merci \u00e0 nos nombreux b\u00e9n\u00e9voles qui ont permis l&rsquo;organisation de cette troisi\u00e8me \u00e9dition de l&rsquo;Enduro-Trail du P\u00e8re No\u00ebl \u00e0 Falaise. D\u00e9sol\u00e9 pour le retrait des puces un peu plus long que pr\u00e9vu et pour le dysfonctionnement simultan\u00e9 des 2 bo\u00eetiers de fin de sp\u00e9ciale 5 (qui ont fonctionn\u00e9 pour les 10 premiers concurrents &#8230;). Pour \u00e9tablir les classements, nous avons donc supprim\u00e9 la section 5 (la plus courte \/ un peu moins de 4 minutes pour les meilleurs). Merci \u00e0 Laurent d&rsquo;avoir pu (\u00e0 distance) rectifier rapidement le souci. Les r\u00e9sultats complets sont disponibles ci-dessous.<\/p>\n<p>Bravo aux vainqueurs des six cat\u00e9gories !<\/p>\n<p style=\"padding-left: 40px;\"><strong>. Jeunes femmes :<\/strong> Ma\u00eblys LEBLEU (ESF Athl\u00e9tisme)<br \/>\n<strong>. Jeunes hommes :<\/strong> Marius FRAN\u00c7OISE (Les Petits Suisses Normands)<br \/>\n<strong>. Seniors hommes :<\/strong> Tom HOPPENREIJS (ESF Athl\u00e9tisme)<br \/>\n<strong>. Seniors femmes :<\/strong> Charlotte ROBERT (Team Gu\u00e9henno)<br \/>\n<strong>. Masters hommes :<\/strong> Romuald BELLANGER (Cap Cond\u00e9)<br \/>\n<strong>. Masters femmes :<\/strong> Isabelle S\u00c9BIRE (ESF Athl\u00e9tisme)<\/p>\n<p style=\"text-align: left;\"><span style=\"color: #000000; font-size: 14pt;\"><span style=\"font-size: 18pt;\">\u25fe<span style=\"color: #000000;\"><strong><em>R\u00e9sultats<\/em><\/strong><\/span><\/span><\/span><strong><span style=\"font-size: 14pt;\"><em><span style=\"font-size: 18pt;\"> 2023 :<\/span>&nbsp;<\/em><\/span><\/strong><\/p>\n<p style=\"text-align: left; padding-left: 40px;\">&nbsp; &nbsp; \u2192 <a href=\"http:\/\/petitssuissesnormands.ovh\/wp-content\/uploads\/2023\/12\/classement-scratch.pdf\" target=\"_blank\" rel=\"noopener\">Classement Scratch<\/a><br \/>\n&nbsp; &nbsp; \u2192 <a href=\"http:\/\/petitssuissesnormands.ovh\/wp-content\/uploads\/2023\/12\/classement-categorie.pdf\" target=\"_blank\" rel=\"noopener\">Classement par Cat\u00e9gories<\/a> &nbsp;<br \/>\n&nbsp; &nbsp;&nbsp;\u2192 <a href=\"http:\/\/petitssuissesnormands.ovh\/wp-content\/uploads\/2023\/12\/Sections.pdf\" target=\"_blank\" rel=\"noopener\">Classement avec les temps par section<\/a><\/p>\n<p><img loading=\"lazy\" decoding=\"async\" class=\"wp-image-3077 alignleft\" src=\"http:\/\/petitssuissesnormands.ovh\/wp-content\/uploads\/2023\/10\/Raid-pere-noel-2023-1-scaled.jpg\" alt=\"\" width=\"339\" height=\"479\" srcset=\"http:\/\/petitssuissesnormands.ovh\/wp-content\/uploads\/2023\/10\/Raid-pere-noel-2023-1-scaled.jpg 1810w, http:\/\/petitssuissesnormands.ovh\/wp-content\/uploads\/2023\/10\/Raid-pere-noel-2023-1-212x300.jpg 212w, http:\/\/petitssuissesnormands.ovh\/wp-content\/uploads\/2023\/10\/Raid-pere-noel-2023-1-724x1024.jpg 724w, http:\/\/petitssuissesnormands.ovh\/wp-content\/uploads\/2023\/10\/Raid-pere-noel-2023-1-768x1086.jpg 768w, http:\/\/petitssuissesnormands.ovh\/wp-content\/uploads\/2023\/10\/Raid-pere-noel-2023-1-1086x1536.jpg 1086w, http:\/\/petitssuissesnormands.ovh\/wp-content\/uploads\/2023\/10\/Raid-pere-noel-2023-1-1448x2048.jpg 1448w\" sizes=\"auto, (max-width: 339px) 100vw, 339px\" \/><\/p>\n<p style=\"text-align: justify;\">Un parcours de <strong>trail<\/strong> de <strong>12,2 km<\/strong>, d\u00e9coup\u00e9 en <strong>6 \u00ab\u00a0sp\u00e9ciales\u00a0\u00bb<\/strong> (total : 8,5 km) et <strong>6 \u00ab\u00a0liaisons\u00a0\u00bb<\/strong>. Les sp\u00e9ciales sont chronom\u00e9tr\u00e9es ; les liaisons sont \u00ab\u00a0hors chrono\u00a0\u00bb (mais avec un temps maximal \u00e0 ne pas d\u00e9passer). Le classement se fait par <strong>addition des temps des 6 sp\u00e9ciales<\/strong>. Le trac\u00e9 vous fera d\u00e9couvrir ou red\u00e9couvrir la <strong>ville de Falaise en nocturne<\/strong> : parc, venelles, remparts, ch\u00e2teau, rochers &#8230; Ouvert <strong>\u00e0 partir de 14 ans<\/strong> (n\u00e9s en 2009 et avant).<\/p>\n<p align=\"justify\"><span style=\"color: #000000; font-size: 14pt;\"><span style=\"font-size: 18pt;\">\u25fe<span style=\"color: #000000;\"><strong><em>R\u00e9sultats<\/em><\/strong><\/span><\/span><\/span><strong><span style=\"font-size: 14pt;\"><em><span style=\"font-size: 18pt;\"> 2022 :<\/span>&nbsp;<\/em><\/span><\/strong><span style=\"color: #000000; font-size: 14pt;\"><br \/>\n<\/span> &nbsp; &nbsp;&nbsp;\u2192 <a href=\"http:\/\/petitssuissesnormands.ovh\/wp-content\/uploads\/2022\/12\/classement-scratch-1.pdf\" target=\"_blank\" rel=\"noopener\">Classement Scratch<\/a><br \/>\n&nbsp; &nbsp; \u2192 <a href=\"http:\/\/petitssuissesnormands.ovh\/wp-content\/uploads\/2022\/12\/classement-categorie-1.pdf\" target=\"_blank\" rel=\"noopener\">Classement par Cat\u00e9gories<\/a> &nbsp;<br \/>\n&nbsp; &nbsp;&nbsp;\u2192 <a href=\"http:\/\/petitssuissesnormands.ovh\/wp-content\/uploads\/2022\/12\/Sections-1.pdf\" target=\"_blank\" rel=\"noopener\">Classement avec les temps par section<\/a><\/p>\n<p style=\"text-align: left;\" align=\"justify\"><span style=\"color: #000000; font-size: 14pt;\"><span style=\"font-size: 18pt;\">\u25fe<span style=\"color: #000000;\"><strong><em>R\u00e9sultats<\/em><\/strong><\/span><\/span><\/span><strong><span style=\"font-size: 14pt;\"><em><span style=\"font-size: 18pt;\"><span style=\"font-size: 18pt;\"> 2021 :<\/span><\/span><span style=\"font-size: 14pt;\">&nbsp;<\/span><\/em><\/span><\/strong><span style=\"color: #000000; font-size: 14pt;\"><br \/>\n<\/span> &nbsp; &nbsp;&nbsp;\u2192 <a href=\"http:\/\/petitssuissesnormands.ovh\/wp-content\/uploads\/2021\/12\/ETPN_2021_Classement_Scratch.pdf\" target=\"_blank\" rel=\"noopener\">Classement Scratch<\/a><br \/>\n&nbsp; &nbsp;&nbsp;\u2192 <a href=\"http:\/\/petitssuissesnormands.ovh\/wp-content\/uploads\/2021\/12\/ETPN_2021_Classement_Categories.pdf\" target=\"_blank\" rel=\"noopener\">Classement par Cat\u00e9gories<\/a> &nbsp;<br \/>\n&nbsp; &nbsp;&nbsp;\u2192 <a href=\"http:\/\/petitssuissesnormands.ovh\/wp-content\/uploads\/2021\/12\/ETPN_2021_Classement_Sections.pdf\" target=\"_blank\" rel=\"noopener\">Classement avec les temps par section<\/a><\/p>\n<p align=\"justify\"><span style=\"color: #000000;\"><span style=\"font-size: 18pt;\"><strong>\u25fe<em>Profils des sections :<\/em><\/strong><\/span><\/span><\/p>\n<p style=\"text-align: center;\"><img loading=\"lazy\" decoding=\"async\" class=\"wp-image-2661 aligncenter\" src=\"http:\/\/petitssuissesnormands.ovh\/wp-content\/uploads\/2022\/10\/Details_Speciales_Liaisons-scaled.jpg\" alt=\"\" width=\"864\" height=\"1064\" srcset=\"http:\/\/petitssuissesnormands.ovh\/wp-content\/uploads\/2022\/10\/Details_Speciales_Liaisons-scaled.jpg 2080w, http:\/\/petitssuissesnormands.ovh\/wp-content\/uploads\/2022\/10\/Details_Speciales_Liaisons-244x300.jpg 244w, http:\/\/petitssuissesnormands.ovh\/wp-content\/uploads\/2022\/10\/Details_Speciales_Liaisons-832x1024.jpg 832w, http:\/\/petitssuissesnormands.ovh\/wp-content\/uploads\/2022\/10\/Details_Speciales_Liaisons-768x945.jpg 768w, http:\/\/petitssuissesnormands.ovh\/wp-content\/uploads\/2022\/10\/Details_Speciales_Liaisons-1248x1536.jpg 1248w, http:\/\/petitssuissesnormands.ovh\/wp-content\/uploads\/2022\/10\/Details_Speciales_Liaisons-1664x2048.jpg 1664w\" sizes=\"auto, (max-width: 864px) 100vw, 864px\" \/>&nbsp; &nbsp;&nbsp;<\/p>\n","protected":false},"excerpt":{"rendered":"<p>Merci \u00e0 tous les participants pour leur bonne humeur et merci \u00e0 nos nombreux b\u00e9n\u00e9voles qui ont permis l&rsquo;organisation de cette troisi\u00e8me \u00e9dition de l&rsquo;Enduro-Trail du P\u00e8re No\u00ebl \u00e0 Falaise.<\/p>\n","protected":false},"author":1,"featured_media":0,"parent":0,"menu_order":0,"comment_status":"closed","ping_status":"closed","template":"","meta":{"ngg_post_thumbnail":0,"footnotes":""},"class_list":["post-2097","page","type-page","status-publish","hentry","comments-off"],"_links":{"self":[{"href":"http:\/\/petitssuissesnormands.ovh\/index.php\/wp-json\/wp\/v2\/pages\/2097","targetHints":{"allow":["GET"]}}],"collection":[{"href":"http:\/\/petitssuissesnormands.ovh\/index.php\/wp-json\/wp\/v2\/pages"}],"about":[{"href":"http:\/\/petitssuissesnormands.ovh\/index.php\/wp-json\/wp\/v2\/types\/page"}],"author":[{"embeddable":true,"href":"http:\/\/petitssuissesnormands.ovh\/index.php\/wp-json\/wp\/v2\/users\/1"}],"replies":[{"embeddable":true,"href":"http:\/\/petitssuissesnormands.ovh\/index.php\/wp-json\/wp\/v2\/comments?post=2097"}],"version-history":[{"count":60,"href":"http:\/\/petitssuissesnormands.ovh\/index.php\/wp-json\/wp\/v2\/pages\/2097\/revisions"}],"predecessor-version":[{"id":3227,"href":"http:\/\/petitssuissesnormands.ovh\/index.php\/wp-json\/wp\/v2\/pages\/2097\/revisions\/3227"}],"wp:attachment":[{"href":"http:\/\/petitssuissesnormands.ovh\/index.php\/wp-json\/wp\/v2\/media?parent=2097"}],"curies":[{"name":"wp","href":"https:\/\/api.w.org\/{rel}","templated":true}]}}