{"id":1240,"date":"2020-08-20T14:10:28","date_gmt":"2020-08-20T12:10:28","guid":{"rendered":"http:\/\/petitssuissesnormands.ovh\/?page_id=1240"},"modified":"2021-09-04T10:58:07","modified_gmt":"2021-09-04T08:58:07","slug":"faites-du-raid","status":"publish","type":"page","link":"http:\/\/petitssuissesnormands.ovh\/index.php\/faites-du-raid\/","title":{"rendered":"\u2192 Faites du raid en Suisse Normande 2020"},"content":{"rendered":"<p><img loading=\"lazy\" decoding=\"async\" class=\"wp-image-1268 alignright\" src=\"http:\/\/petitssuissesnormands.ovh\/wp-content\/uploads\/2020\/08\/RAID-DIMANCHE-4-OCTOBRE-WEB.jpg\" alt=\"\" width=\"440\" height=\"631\" srcset=\"http:\/\/petitssuissesnormands.ovh\/wp-content\/uploads\/2020\/08\/RAID-DIMANCHE-4-OCTOBRE-WEB.jpg 599w, http:\/\/petitssuissesnormands.ovh\/wp-content\/uploads\/2020\/08\/RAID-DIMANCHE-4-OCTOBRE-WEB-210x300.jpg 210w\" sizes=\"auto, (max-width: 440px) 100vw, 440px\" \/><\/p>\n<p style=\"text-align: justify;\"><span style=\"font-family: Alegreya; font-size: 18pt;\">C&rsquo;\u00e9tait le <strong><span style=\"color: #30a60a;\">dimanche 4 octobre 2020 <\/span><\/strong>\u00e0 Pont d&rsquo;Ouilly (Calvados).&nbsp;<\/span><span style=\"font-family: Alegreya; font-size: 18pt;\">Au programme, <strong><span style=\"color: #30a60a;\">2 raids multisports<\/span> sans classement<\/strong> : P&rsquo;tit Suisse<strong> All\u00e9g\u00e9<\/strong> ou P&rsquo;tit Suisse<strong> Muscl\u00e9. <\/strong>Il y en a pour tous les niveaux, toutes les envies et tous les \u00e2ges.<\/span><\/p>\n<ul>\n<li style=\"list-style-type: none;\">\n<ul>\n<li><a href=\"http:\/\/petitssuissesnormands.ovh\/index.php\/fdr-ps-allege\/\"><span style=\"font-size: 18pt;\">\u00c9PREUVE 1 : P&rsquo;TIT SUISSE ALL\u00c9G\u00c9<\/span><\/a><\/li>\n<li><a href=\"http:\/\/petitssuissesnormands.ovh\/index.php\/fdr-ps-muscle\/\"><span style=\"font-size: 18pt;\">\u00c9PREUVE 2 : P&rsquo;TIT SUISSE MUSCL\u00c9<\/span><\/a><\/li>\n<li><a href=\"http:\/\/petitssuissesnormands.ovh\/index.php\/recapitulatif-balises-ptit-suisse-allege\/\"><span style=\"font-size: 18pt;\">Balises \u00ab\u00a0P&rsquo;tit Suisse All\u00e9g\u00e9\u00a0\u00bb<\/span><\/a><\/li>\n<li><a href=\"http:\/\/petitssuissesnormands.ovh\/index.php\/balises-ptit-suisse-muscle\/\"><span style=\"font-size: 18pt;\">Balises \u00ab\u00a0P&rsquo;tit Suisse Muscl\u00e9\u00a0\u00bb<\/span><\/a><\/li>\n<\/ul>\n<\/li>\n<\/ul>\n<p><span style=\"font-size: 18pt;\"><span style=\"text-decoration: underline;\">Contact<\/span> : petitssuissesnormands@gmail.com<\/span><\/p>\n","protected":false},"excerpt":{"rendered":"<p>C&rsquo;\u00e9tait le dimanche 4 octobre 2020 \u00e0 Pont d&rsquo;Ouilly (Calvados).&nbsp;Au programme, 2 raids multisports sans classement : P&rsquo;tit Suisse All\u00e9g\u00e9 ou P&rsquo;tit Suisse Muscl\u00e9. Il y en a pour tous<\/p>\n","protected":false},"author":1,"featured_media":0,"parent":0,"menu_order":0,"comment_status":"closed","ping_status":"closed","template":"","meta":{"ngg_post_thumbnail":0,"footnotes":""},"class_list":["post-1240","page","type-page","status-publish","hentry","comments-off"],"_links":{"self":[{"href":"http:\/\/petitssuissesnormands.ovh\/index.php\/wp-json\/wp\/v2\/pages\/1240","targetHints":{"allow":["GET"]}}],"collection":[{"href":"http:\/\/petitssuissesnormands.ovh\/index.php\/wp-json\/wp\/v2\/pages"}],"about":[{"href":"http:\/\/petitssuissesnormands.ovh\/index.php\/wp-json\/wp\/v2\/types\/page"}],"author":[{"embeddable":true,"href":"http:\/\/petitssuissesnormands.ovh\/index.php\/wp-json\/wp\/v2\/users\/1"}],"replies":[{"embeddable":true,"href":"http:\/\/petitssuissesnormands.ovh\/index.php\/wp-json\/wp\/v2\/comments?post=1240"}],"version-history":[{"count":31,"href":"http:\/\/petitssuissesnormands.ovh\/index.php\/wp-json\/wp\/v2\/pages\/1240\/revisions"}],"predecessor-version":[{"id":1844,"href":"http:\/\/petitssuissesnormands.ovh\/index.php\/wp-json\/wp\/v2\/pages\/1240\/revisions\/1844"}],"wp:attachment":[{"href":"http:\/\/petitssuissesnormands.ovh\/index.php\/wp-json\/wp\/v2\/media?parent=1240"}],"curies":[{"name":"wp","href":"https:\/\/api.w.org\/{rel}","templated":true}]}}